{"id":13,"date":"2017-11-08T13:50:20","date_gmt":"2017-11-08T13:50:20","guid":{"rendered":"http:\/\/gastrobar.edge-themes.com\/?page_id=13"},"modified":"2025-04-07T11:50:43","modified_gmt":"2025-04-07T09:50:43","slug":"main-home","status":"publish","type":"page","link":"https:\/\/www.kaffeeberlin.com\/","title":{"rendered":"Accueil"},"content":{"rendered":"<p>[vc_row css=\u00a0\u00bb.vc_custom_1512731014402{margin-top: 0px !important;margin-right: 0px !important;margin-bottom: 0px !important;margin-left: 0px !important;padding-top: 0px !important;padding-right: 0px !important;padding-bottom: 0px !important;padding-left: 0px !important;background-color: #000000 !important;}\u00a0\u00bb simple_background_color=\u00a0\u00bb#000000&Prime; el_class=\u00a0\u00bb.edgtf-rev-main-home-slider\u00a0\u00bb][vc_column css=\u00a0\u00bb.vc_custom_1511367652766{margin-top: 0px !important;margin-right: 0px !important;margin-bottom: 0px !important;margin-left: 0px !important;padding-top: 0px !important;padding-right: 0px !important;padding-bottom: 0px !important;padding-left: 0px !important;}\u00a0\u00bb][rev_slider_vc alias=\u00a0\u00bbhome-1&Prime; enable_paspartu=\u00a0\u00bbno\u00a0\u00bb][\/vc_column][\/vc_row][vc_row row_content_width=\u00a0\u00bbgrid\u00a0\u00bb css=\u00a0\u00bb.vc_custom_1512738294152{padding-top: 25px !important;padding-bottom: 45px !important;}\u00a0\u00bb][vc_column offset=\u00a0\u00bbvc_col-lg-6 vc_col-md-12 vc_col-xs-12&Prime;]<div class=\"edgtf-elements-holder   edgtf-one-column  edgtf-responsive-mode-768 \" ><div class=\"edgtf-eh-item    \"  data-item-class=\"edgtf-eh-custom-7482\">\n\t<div class=\"edgtf-eh-item-inner\">\n\t\t<div class=\"edgtf-eh-item-content edgtf-eh-custom-7482\" style=\"padding: 60px 0% 50px 0%\">\n\t\t\t[vc_single_image image=\u00a0\u00bb3181&Prime;][vc_empty_space height=\u00a0\u00bb10px\u00a0\u00bb][vc_column_text]<\/p>\n<h3>Willkommen !<\/h3>\n<p>[\/vc_column_text][vc_empty_space height=\u00a0\u00bb10px\u00a0\u00bb][vc_column_text]Comment exprimer la fre\u0301ne\u0301sie des 10 dernie\u0300res anne\u0301es ? <strong>Le Kaffee Berlin est une ide\u0301e, une vision de l\u2019art de vivre a\u0300 Berlin<\/strong> et nous avons re\u0301ussis a\u0300 grandir tout en restant fide\u0300les a\u0300 nos amours d\u2019origine.<\/p>\n<p>Nos 4 restaurants \u00e0 Lyon vous proposent un voyage culinaire au coeur de la capitale allemande : Un menu complet de steaks, bagels, burgers, escalopes viennoises et d&rsquo;\u00e9normes salades ! <strong>Willkommen !<\/strong>[\/vc_column_text][vc_empty_space height=\u00a0\u00bb22px\u00a0\u00bb]<div class=\"edgtf-animation-holder edgtf-grow-in\" data-animation=\"edgtf-grow-in\" data-animation-delay=\"\"><div class=\"edgtf-animation-inner\"><\/div><\/div><a itemprop=\"url\" href=\"https:\/\/www.kaffeeberlin.com\/index.php\/restaurants\/\" target=\"_self\" style=\"background-color: #000000\" class=\"edgtf-btn edgtf-btn-large edgtf-btn-solid edgtf-hover-animation\"  >\n            <span class=\"edgtf-btn-hover-item\" ><\/span>\n        <span class=\"edgtf-btn-text\">Je d\u00e9couvre les restaurants<\/span>\n    <\/a>\t\t<\/div>\n\t<\/div>\n<\/div><\/div>[\/vc_column][vc_column offset=\u00a0\u00bbvc_col-lg-6 vc_col-md-12 vc_col-xs-12&Prime;]<div class=\"edgtf-animation-holder edgtf-element-from-right\" data-animation=\"edgtf-element-from-right\" data-animation-delay=\"\"><div class=\"edgtf-animation-inner\">[vc_empty_space height=\u00a0\u00bb40px\u00a0\u00bb][vc_single_image image=\u00a0\u00bb3340&Prime; img_size=\u00a0\u00bbfull\u00a0\u00bb]<\/div><\/div>[\/vc_column][\/vc_row][vc_row row_content_width=\u00a0\u00bbgrid\u00a0\u00bb content_text_aligment=\u00a0\u00bbright\u00a0\u00bb css=\u00a0\u00bb.vc_custom_1512552318796{padding-top: 25px !important;padding-bottom: 70px !important;}\u00a0\u00bb][vc_column offset=\u00a0\u00bbvc_col-lg-6 vc_col-md-12 vc_col-xs-12&Prime;]<div class=\"edgtf-animation-holder edgtf-element-from-left\" data-animation=\"edgtf-element-from-left\" data-animation-delay=\"\"><div class=\"edgtf-animation-inner\">[vc_empty_space height=\u00a0\u00bb40px\u00a0\u00bb][vc_single_image image=\u00a0\u00bb3320&Prime; img_size=\u00a0\u00bbfull\u00a0\u00bb]<\/div><\/div>[\/vc_column][vc_column offset=\u00a0\u00bbvc_col-lg-6 vc_col-md-12 vc_col-xs-12&Prime;]<div class=\"edgtf-elements-holder   edgtf-one-column  edgtf-responsive-mode-768 \" ><div class=\"edgtf-eh-item    \"  data-item-class=\"edgtf-eh-custom-6243\" data-1024-1280=\"15% 3% 5% 14%\" data-768-1024=\"5% 0% 5% 2%\">\n\t<div class=\"edgtf-eh-item-inner\">\n\t\t<div class=\"edgtf-eh-item-content edgtf-eh-custom-6243\" style=\"padding: 21% 3% 5% 14%\">\n\t\t\t[vc_single_image image=\u00a0\u00bb3111&Prime; alignment=\u00a0\u00bbright\u00a0\u00bb][vc_empty_space height=\u00a0\u00bb10px\u00a0\u00bb][vc_column_text]<\/p>\n<h3 style=\"text-align: right;\">Original Coffee-House Barkultur<\/h3>\n<p>[\/vc_column_text][vc_empty_space height=\u00a0\u00bb15px\u00a0\u00bb][vc_column_text]<\/p>\n<div class=\"page\" title=\"Page 1\">\n<div class=\"section\">\n<div class=\"layoutArea\">\n<div class=\"column\">\n<p style=\"text-align: right;\"><strong>Plus de 24 bie\u0300res spe\u0301ciales en importation directe.<\/strong> Un large choix de schnaps, liqueurs, cocktails ainsi qu\u2019une gamme de soft-drinks en provenance directe d\u2019Allemagne (Club Mate, Fritz-Kola, Fritz- Limo, Fassbrausse Citron &#8230;).<\/p>\n<div class=\"page\" title=\"Page 1\">\n<div class=\"section\">\n<div class=\"layoutArea\">\n<div class=\"column\">\n<p style=\"text-align: right;\">Une \u00e9quipe de connaisseurs \u00e0 votre service pour <strong>vous faire d\u00e9couvrir une grande vari\u00e9t\u00e9s de bi\u00e8res allemandes<\/strong> en pression et en bouteille.<\/p>\n<\/div>\n<\/div>\n<\/div>\n<\/div>\n<\/div>\n<\/div>\n<\/div>\n<\/div>\n<p>[\/vc_column_text][vc_empty_space height=\u00a0\u00bb22px\u00a0\u00bb]<a itemprop=\"url\" href=\"https:\/\/www.kaffeeberlin.com\/index.php\/menu\/\" target=\"_self\" style=\"background-color: #000000\" class=\"edgtf-btn edgtf-btn-large edgtf-btn-solid edgtf-hover-animation\"  >\n            <span class=\"edgtf-btn-hover-item\" ><\/span>\n        <span class=\"edgtf-btn-text\">Je d\u00e9couvre la carte des boissons<\/span>\n    <\/a>\t\t<\/div>\n\t<\/div>\n<\/div><\/div>[\/vc_column][\/vc_row][vc_row parallax_background_image=\u00a0\u00bb3172&Prime; parallax_bg_speed=\u00a0\u00bb1.5&Prime; parallax_bg_height=\u00a0\u00bb500px\u00a0\u00bb][vc_column]<div class=\"edgtf-elements-holder   edgtf-one-column  edgtf-responsive-mode-768 \" ><div class=\"edgtf-eh-item   edgtf-horizontal-alignment-center \"  data-item-class=\"edgtf-eh-custom-8865\" data-680-768=\"5% 10% 3% 10%\" data-680=\"5% 10% 3% 10%\">\n\t<div class=\"edgtf-eh-item-inner\">\n\t\t<div class=\"edgtf-eh-item-content edgtf-eh-custom-8865\" style=\"padding: 4% 10% 0% 10%\">\n\t\t\t[vc_single_image image=\u00a0\u00bb3119&Prime; img_size=\u00a0\u00bbmedium\u00a0\u00bb alignment=\u00a0\u00bbcenter\u00a0\u00bb]\t\t<\/div>\n\t<\/div>\n<\/div><\/div>[vc_empty_space][\/vc_column][\/vc_row][vc_row css=\u00a0\u00bb.vc_custom_1511174984085{padding-bottom: 15px !important;}\u00a0\u00bb][vc_column][vc_row_inner row_content_width=\u00a0\u00bbgrid\u00a0\u00bb content_text_aligment=\u00a0\u00bbcenter\u00a0\u00bb css=\u00a0\u00bb.vc_custom_1511175094548{padding-top: 140px !important;padding-bottom: 80px !important;}\u00a0\u00bb][vc_column_inner]<div class=\"edgtf-section-title-holder   \" >\n\t<div class=\"edgtf-st-inner\">\n\t\t\t\t\t\t\t<h2 class=\"edgtf-st-title \" >\n\t\t\t\tMenu\t\t\t<\/h2>\n\t\t\t\t\t\t\t<p class=\"edgtf-st-text\" >\n\t\t\t\tGuten Appetit !\t\t\t<\/p>\n\t\t\t<\/div>\n<\/div>[\/vc_column_inner][\/vc_row_inner][vc_row_inner][vc_column_inner width=\u00a0\u00bb1\/2&Prime;][vc_single_image image=\u00a0\u00bb3347&Prime; img_size=\u00a0\u00bbfull\u00a0\u00bb][\/vc_column_inner][vc_column_inner width=\u00a0\u00bb1\/2&Prime;][vc_single_image image=\u00a0\u00bb3348&Prime; img_size=\u00a0\u00bbfull\u00a0\u00bb][\/vc_column_inner][\/vc_row_inner][\/vc_column][\/vc_row][vc_row css=\u00a0\u00bb.vc_custom_1511174984085{padding-bottom: 15px !important;}\u00a0\u00bb][vc_column][vc_row_inner row_content_width=\u00a0\u00bbgrid\u00a0\u00bb content_text_aligment=\u00a0\u00bbcenter\u00a0\u00bb css=\u00a0\u00bb.vc_custom_1511175094548{padding-top: 140px !important;padding-bottom: 80px !important;}\u00a0\u00bb][vc_column_inner]<div class=\"edgtf-section-title-holder   \" >\n\t<div class=\"edgtf-st-inner\">\n\t\t\t\t\t\t\t<h2 class=\"edgtf-st-title \" >\n\t\t\t\tEn ce moment\t\t\t<\/h2>\n\t\t\t\t\t\t\t<p class=\"edgtf-st-text\" >\n\t\t\t\tPour en profiter uniquement en ce moment !\t\t\t<\/p>\n\t\t\t<\/div>\n<\/div>[\/vc_column_inner][\/vc_row_inner][vc_row_inner row_content_width=\u00a0\u00bbgrid\u00a0\u00bb css=\u00a0\u00bb.vc_custom_1512553980935{padding-bottom: 104px !important;}\u00a0\u00bb][vc_column_inner offset=\u00a0\u00bbvc_col-lg-4 vc_col-md-4 vc_col-xs-12&Prime;]<div class=\"edgtf-pricing-item-holder \">\n    <div class=\"edgtf-pi-image\">\n                        <img loading=\"lazy\" decoding=\"async\" width=\"2560\" height=\"2560\" src=\"https:\/\/www.kaffeeberlin.com\/wp-content\/uploads\/2025\/04\/KBDECEMBRE\u00a9Pookiecookiestudio-28-Copie-scaled.jpg\" class=\"attachment-full size-full\" alt=\"\" srcset=\"https:\/\/www.kaffeeberlin.com\/wp-content\/uploads\/2025\/04\/KBDECEMBRE\u00a9Pookiecookiestudio-28-Copie-scaled.jpg 2560w, https:\/\/www.kaffeeberlin.com\/wp-content\/uploads\/2025\/04\/KBDECEMBRE\u00a9Pookiecookiestudio-28-Copie-300x300.jpg 300w, https:\/\/www.kaffeeberlin.com\/wp-content\/uploads\/2025\/04\/KBDECEMBRE\u00a9Pookiecookiestudio-28-Copie-1024x1024.jpg 1024w, https:\/\/www.kaffeeberlin.com\/wp-content\/uploads\/2025\/04\/KBDECEMBRE\u00a9Pookiecookiestudio-28-Copie-150x150.jpg 150w, https:\/\/www.kaffeeberlin.com\/wp-content\/uploads\/2025\/04\/KBDECEMBRE\u00a9Pookiecookiestudio-28-Copie-768x768.jpg 768w, https:\/\/www.kaffeeberlin.com\/wp-content\/uploads\/2025\/04\/KBDECEMBRE\u00a9Pookiecookiestudio-28-Copie-1536x1536.jpg 1536w, https:\/\/www.kaffeeberlin.com\/wp-content\/uploads\/2025\/04\/KBDECEMBRE\u00a9Pookiecookiestudio-28-Copie-550x550.jpg 550w, https:\/\/www.kaffeeberlin.com\/wp-content\/uploads\/2025\/04\/KBDECEMBRE\u00a9Pookiecookiestudio-28-Copie-1100x1100.jpg 1100w\" sizes=\"auto, (max-width: 2560px) 100vw, 2560px\" \/>\t                        <\/div>\n    <div class=\"edgtf-pi-text-holder\">\n                    <h5 class=\"edgtf-pi-title\" style=\"color: #000000\">\n\t\t        \t\t            <span>L&#039;AUVERGNAT<\/span>\n\t\t        \t        <\/h5>\n        \t\t            <p class=\"edgtf-pi-text\" style=\"color: #7e7e7e\">Pain du boulanger \u2022 Steak fa\u00e7on bouch\u00e8re \u2022 Fourme d&#039;Ambert \u2022 Compot\u00e9e de poires \u2022 Oignons confits \u2022 Bacon grill\u00e9<\/p>\n            <\/div>\n<\/div>[vc_empty_space height=\u00a0\u00bb35px\u00a0\u00bb][\/vc_column_inner][vc_column_inner offset=\u00a0\u00bbvc_col-lg-4 vc_col-md-4 vc_col-xs-12&Prime;]<div class=\"edgtf-pricing-item-holder \">\n    <div class=\"edgtf-pi-image\">\n                        <img loading=\"lazy\" decoding=\"async\" width=\"1707\" height=\"1707\" src=\"https:\/\/www.kaffeeberlin.com\/wp-content\/uploads\/2025\/01\/KBDECEMBRE\u00a9Pookiecookiestudio-63-scaled-e1738161442871.jpg\" class=\"attachment-full size-full\" alt=\"\" srcset=\"https:\/\/www.kaffeeberlin.com\/wp-content\/uploads\/2025\/01\/KBDECEMBRE\u00a9Pookiecookiestudio-63-scaled-e1738161442871.jpg 1707w, https:\/\/www.kaffeeberlin.com\/wp-content\/uploads\/2025\/01\/KBDECEMBRE\u00a9Pookiecookiestudio-63-scaled-e1738161442871-300x300.jpg 300w, https:\/\/www.kaffeeberlin.com\/wp-content\/uploads\/2025\/01\/KBDECEMBRE\u00a9Pookiecookiestudio-63-scaled-e1738161442871-1024x1024.jpg 1024w, https:\/\/www.kaffeeberlin.com\/wp-content\/uploads\/2025\/01\/KBDECEMBRE\u00a9Pookiecookiestudio-63-scaled-e1738161442871-150x150.jpg 150w, https:\/\/www.kaffeeberlin.com\/wp-content\/uploads\/2025\/01\/KBDECEMBRE\u00a9Pookiecookiestudio-63-scaled-e1738161442871-768x768.jpg 768w, https:\/\/www.kaffeeberlin.com\/wp-content\/uploads\/2025\/01\/KBDECEMBRE\u00a9Pookiecookiestudio-63-scaled-e1738161442871-1536x1536.jpg 1536w, https:\/\/www.kaffeeberlin.com\/wp-content\/uploads\/2025\/01\/KBDECEMBRE\u00a9Pookiecookiestudio-63-scaled-e1738161442871-550x550.jpg 550w, https:\/\/www.kaffeeberlin.com\/wp-content\/uploads\/2025\/01\/KBDECEMBRE\u00a9Pookiecookiestudio-63-scaled-e1738161442871-1100x1100.jpg 1100w, https:\/\/www.kaffeeberlin.com\/wp-content\/uploads\/2025\/01\/KBDECEMBRE\u00a9Pookiecookiestudio-63-scaled-e1738161442871-810x810.jpg 810w, https:\/\/www.kaffeeberlin.com\/wp-content\/uploads\/2025\/01\/KBDECEMBRE\u00a9Pookiecookiestudio-63-scaled-e1738161442871-100x100.jpg 100w\" sizes=\"auto, (max-width: 1707px) 100vw, 1707px\" \/>\t                        <\/div>\n    <div class=\"edgtf-pi-text-holder\">\n                    <h5 class=\"edgtf-pi-title\" style=\"color: #000000\">\n\t\t        \t\t            <span>Petit Ours X Kaffee Berlin<\/span>\n\t\t        \t        <\/h5>\n        \t\t            <p class=\"edgtf-pi-text\" style=\"color: #7e7e7e\">La Collab \u00e0 ne pas manquer \u2022 Petit ours du domaine Matthieu Barret<\/p>\n            <\/div>\n<\/div>[vc_empty_space height=\u00a0\u00bb35px\u00a0\u00bb][\/vc_column_inner][vc_column_inner offset=\u00a0\u00bbvc_col-lg-4 vc_col-md-4 vc_col-xs-12&Prime;]<div class=\"edgtf-pricing-item-holder \">\n    <div class=\"edgtf-pi-image\">\n                        <img loading=\"lazy\" decoding=\"async\" width=\"1707\" height=\"1707\" src=\"https:\/\/www.kaffeeberlin.com\/wp-content\/uploads\/2025\/01\/kaffee-berlin-19-scaled-e1738161778570.jpg\" class=\"attachment-full size-full\" alt=\"\" srcset=\"https:\/\/www.kaffeeberlin.com\/wp-content\/uploads\/2025\/01\/kaffee-berlin-19-scaled-e1738161778570.jpg 1707w, https:\/\/www.kaffeeberlin.com\/wp-content\/uploads\/2025\/01\/kaffee-berlin-19-scaled-e1738161778570-300x300.jpg 300w, https:\/\/www.kaffeeberlin.com\/wp-content\/uploads\/2025\/01\/kaffee-berlin-19-scaled-e1738161778570-1024x1024.jpg 1024w, https:\/\/www.kaffeeberlin.com\/wp-content\/uploads\/2025\/01\/kaffee-berlin-19-scaled-e1738161778570-150x150.jpg 150w, https:\/\/www.kaffeeberlin.com\/wp-content\/uploads\/2025\/01\/kaffee-berlin-19-scaled-e1738161778570-768x768.jpg 768w, https:\/\/www.kaffeeberlin.com\/wp-content\/uploads\/2025\/01\/kaffee-berlin-19-scaled-e1738161778570-1536x1536.jpg 1536w, https:\/\/www.kaffeeberlin.com\/wp-content\/uploads\/2025\/01\/kaffee-berlin-19-scaled-e1738161778570-550x550.jpg 550w, https:\/\/www.kaffeeberlin.com\/wp-content\/uploads\/2025\/01\/kaffee-berlin-19-scaled-e1738161778570-1100x1100.jpg 1100w, https:\/\/www.kaffeeberlin.com\/wp-content\/uploads\/2025\/01\/kaffee-berlin-19-scaled-e1738161778570-810x810.jpg 810w, https:\/\/www.kaffeeberlin.com\/wp-content\/uploads\/2025\/01\/kaffee-berlin-19-scaled-e1738161778570-100x100.jpg 100w\" sizes=\"auto, (max-width: 1707px) 100vw, 1707px\" \/>\t                        <\/div>\n    <div class=\"edgtf-pi-text-holder\">\n                    <h5 class=\"edgtf-pi-title\" style=\"color: #000000\">\n\t\t        \t\t            <span>La Pause Gourmande<\/span>\n\t\t        \t        <\/h5>\n        \t\t            <p class=\"edgtf-pi-text\" style=\"color: #7e7e7e\">Gaufre Li\u00e8geoise \u2022 Choco Crispy \u2022 Compote de Pomme \u2022 Sucre<\/p>\n            <\/div>\n<\/div>[vc_empty_space height=\u00a0\u00bb30px\u00a0\u00bb][\/vc_column_inner][\/vc_row_inner][\/vc_column][\/vc_row]<\/p>\n","protected":false},"excerpt":{"rendered":"<p>[vc_row css=\u00a0\u00bb.vc_custom_1512731014402{margin-top: 0px !important;margin-right: 0px !important;margin-bottom: 0px !important;margin-left: 0px !important;padding-top: 0px !important;padding-right: 0px !important;padding-bottom: 0px !important;padding-left: 0px !important;background-color: #000000 !important;}\u00a0\u00bb simple_background_color=\u00a0\u00bb#000000&Prime; el_class=\u00a0\u00bb.edgtf-rev-main-home-slider\u00a0\u00bb][vc_column css=\u00a0\u00bb.vc_custom_1511367652766{margin-top: 0px !important;margin-right: 0px !important;margin-bottom: 0px !important;margin-left: 0px !important;padding-top: 0px !important;padding-right: 0px !important;padding-bottom: 0px !important;padding-left: 0px !important;}\u00a0\u00bb][rev_slider_vc alias=\u00a0\u00bbhome-1&Prime; [&hellip;]<\/p>\n","protected":false},"author":6,"featured_media":0,"parent":0,"menu_order":0,"comment_status":"closed","ping_status":"closed","template":"full-width.php","meta":{"footnotes":""},"class_list":["post-13","page","type-page","status-publish","hentry"],"_links":{"self":[{"href":"https:\/\/www.kaffeeberlin.com\/index.php\/wp-json\/wp\/v2\/pages\/13","targetHints":{"allow":["GET"]}}],"collection":[{"href":"https:\/\/www.kaffeeberlin.com\/index.php\/wp-json\/wp\/v2\/pages"}],"about":[{"href":"https:\/\/www.kaffeeberlin.com\/index.php\/wp-json\/wp\/v2\/types\/page"}],"author":[{"embeddable":true,"href":"https:\/\/www.kaffeeberlin.com\/index.php\/wp-json\/wp\/v2\/users\/6"}],"replies":[{"embeddable":true,"href":"https:\/\/www.kaffeeberlin.com\/index.php\/wp-json\/wp\/v2\/comments?post=13"}],"version-history":[{"count":38,"href":"https:\/\/www.kaffeeberlin.com\/index.php\/wp-json\/wp\/v2\/pages\/13\/revisions"}],"predecessor-version":[{"id":3375,"href":"https:\/\/www.kaffeeberlin.com\/index.php\/wp-json\/wp\/v2\/pages\/13\/revisions\/3375"}],"wp:attachment":[{"href":"https:\/\/www.kaffeeberlin.com\/index.php\/wp-json\/wp\/v2\/media?parent=13"}],"curies":[{"name":"wp","href":"https:\/\/api.w.org\/{rel}","templated":true}]}}