{"id":2800,"date":"2017-11-17T15:01:26","date_gmt":"2017-11-17T15:01:26","guid":{"rendered":"http:\/\/gastrobar.edge-themes.com\/?page_id=740"},"modified":"2026-01-19T19:53:03","modified_gmt":"2026-01-19T18:53:03","slug":"restaurants","status":"publish","type":"page","link":"https:\/\/www.kaffeeberlin.com\/index.php\/restaurants\/","title":{"rendered":"Restaurants"},"content":{"rendered":"<p>[vc_row row_content_width=\u00a0\u00bbgrid\u00a0\u00bb css=\u00a0\u00bb.vc_custom_1512133857128{padding-top: 93px !important;padding-bottom: 148px !important;}\u00a0\u00bb simple_background_color=\u00a0\u00bb#ffffff\u00a0\u00bb][vc_column offset=\u00a0\u00bbvc_col-lg-6 vc_col-md-12 vc_col-xs-12&Prime;]<div class=\"edgtf-elements-holder   edgtf-one-column  edgtf-responsive-mode-768 edgtf-one-column-alignment-center\" ><div class=\"edgtf-eh-item   edgtf-horizontal-alignment-center \"  data-item-class=\"edgtf-eh-custom-8016\" data-1024-1280=\"17px 0% 0px 0%\">\n\t<div class=\"edgtf-eh-item-inner\">\n\t\t<div class=\"edgtf-eh-item-content edgtf-eh-custom-8016\" style=\"padding: 17px 0% 0px 0%\">\n\t\t\t[vc_single_image image=\u00a0\u00bb3326&Prime; img_size=\u00a0\u00bbfull\u00a0\u00bb]\t\t<\/div>\n\t<\/div>\n<\/div><\/div>[\/vc_column][vc_column offset=\u00a0\u00bbvc_col-lg-6 vc_col-md-12 vc_col-xs-12&Prime;]<div class=\"edgtf-elements-holder   edgtf-one-column  edgtf-responsive-mode-768 \" ><div class=\"edgtf-eh-item    \"  data-item-class=\"edgtf-eh-custom-9745\" data-1024-1280=\"0px 0px 0px 0px\" data-768-1024=\"0px 0px 50px 0px\" data-680-768=\"0px 0px 50px 0px\" data-680=\"0px 0px 50px 0px\">\n\t<div class=\"edgtf-eh-item-inner\">\n\t\t<div class=\"edgtf-eh-item-content edgtf-eh-custom-9745\" style=\"padding: 44px 0px 0px 0px\">\n\t\t\t[vc_column_text]<\/p>\n<h3>Kaffee Berlin Brotteaux<\/h3>\n<p>[\/vc_column_text][vc_empty_space height=\u00a0\u00bb13px\u00a0\u00bb][vc_column_text]<\/p>\n<div class=\"page\" title=\"Page 1\">\n<div class=\"section\">\n<div class=\"layoutArea\">\n<div class=\"column\">\n<p><strong>Ouvert en Septembre 2018, le Kaffee Berlin \u00ab Brotteaux \u00bb vous accueille du lundi au dimanche de 10h a\u0300 Minuit.<\/strong><\/p>\n<p>Retrouvez l&rsquo;inauguration du Kaffee Berlin Brotteaux par <a href=\"https:\/\/www.lyonpeople.com\/les-fetes\/aux-brotteaux-kaffee-berlin-debarque-par-la-grande-porte-2018-11-26.html\" target=\"_blank\" rel=\"noopener\">Lyon People<\/a><\/p>\n<\/div>\n<\/div>\n<\/div>\n<\/div>\n<p>[\/vc_column_text][vc_empty_space height=\u00a0\u00bb9px\u00a0\u00bb]<div class=\"edgtf-icon-list-holder \" >\n\t<div class=\"edgtf-il-icon-holder\">\n\t\t<span aria-hidden=\"true\" class=\"edgtf-icon-linear-icons lnr lnr-checkmark-circle \" style=\"font-size: 13px\"><\/span>\t<\/div>\n    <div class=\"edgtf-il-text-holder\">\n        <p class=\"edgtf-il-text\" style=\"font-size: 15px\">3 Avenue G\u00e9n\u00e9ral Brosset 69006 LYON (M\u00e9tro B \u2013 Brotteaux)<\/p>\n            <\/div>\n<\/div><div class=\"edgtf-icon-list-holder \" >\n\t<div class=\"edgtf-il-icon-holder\">\n\t\t<span aria-hidden=\"true\" class=\"edgtf-icon-linear-icons lnr lnr-checkmark-circle \" style=\"font-size: 13px\"><\/span>\t<\/div>\n    <div class=\"edgtf-il-text-holder\">\n        <p class=\"edgtf-il-text\" style=\"font-size: 15px\">04 72 74 28 56<\/p>\n            <\/div>\n<\/div><div class=\"edgtf-icon-list-holder \" >\n\t<div class=\"edgtf-il-icon-holder\">\n\t\t<span aria-hidden=\"true\" class=\"edgtf-icon-linear-icons lnr lnr-checkmark-circle \" style=\"font-size: 13px\"><\/span>\t<\/div>\n    <div class=\"edgtf-il-text-holder\">\n        <p class=\"edgtf-il-text\" style=\"font-size: 15px\">lyon6@kaffeeberlin.com<\/p>\n            <\/div>\n<\/div>[vc_empty_space height=\u00a0\u00bb9px\u00a0\u00bb]<a itemprop=\"url\" href=\"https:\/\/bookings.zenchef.com\/results?rid=380059&#038;pid=1001\" target=\"_blank\"  class=\"edgtf-btn edgtf-btn-medium edgtf-btn-solid \"  >\n        <span class=\"edgtf-btn-text\">Je r\u00e9serve<\/span>\n    <\/a>\t\t<\/div>\n\t<\/div>\n<\/div><\/div>[vc_empty_space height=\u00a0\u00bb40px\u00a0\u00bb][vc_row_inner][vc_column_inner width=\u00a0\u00bb1\/2&Prime;][vc_single_image image=\u00a0\u00bb3325&Prime; img_size=\u00a0\u00bblarge\u00a0\u00bb][\/vc_column_inner][vc_column_inner width=\u00a0\u00bb1\/2&Prime;][vc_single_image image=\u00a0\u00bb3300&Prime; img_size=\u00a0\u00bblarge\u00a0\u00bb][\/vc_column_inner][\/vc_row_inner][\/vc_column][\/vc_row][vc_row row_content_width=\u00a0\u00bbgrid\u00a0\u00bb css=\u00a0\u00bb.vc_custom_1650305839240{padding-top: 93px !important;padding-bottom: 148px !important;background-color: #f8f8f8 !important;}\u00a0\u00bb simple_background_color=\u00a0\u00bb#ffffff\u00a0\u00bb][vc_column offset=\u00a0\u00bbvc_col-lg-6 vc_col-md-12 vc_col-xs-12&Prime;]<div class=\"edgtf-elements-holder   edgtf-one-column  edgtf-responsive-mode-768 edgtf-one-column-alignment-center\" ><div class=\"edgtf-eh-item   edgtf-horizontal-alignment-center \"  data-item-class=\"edgtf-eh-custom-4474\" data-1024-1280=\"17px 0% 0px 0%\">\n\t<div class=\"edgtf-eh-item-inner\">\n\t\t<div class=\"edgtf-eh-item-content edgtf-eh-custom-4474\" style=\"padding: 17px 0% 0px 0%\">\n\t\t\t[vc_single_image image=\u00a0\u00bb3332&Prime; img_size=\u00a0\u00bbfull\u00a0\u00bb]\t\t<\/div>\n\t<\/div>\n<\/div><\/div>[\/vc_column][vc_column offset=\u00a0\u00bbvc_col-lg-6 vc_col-md-12 vc_col-xs-12&Prime;]<div class=\"edgtf-elements-holder   edgtf-one-column  edgtf-responsive-mode-768 \" ><div class=\"edgtf-eh-item    \"  data-item-class=\"edgtf-eh-custom-5681\" data-1024-1280=\"0px 0px 0px 0px\" data-768-1024=\"0px 0px 50px 0px\" data-680-768=\"0px 0px 50px 0px\" data-680=\"0px 0px 50px 0px\">\n\t<div class=\"edgtf-eh-item-inner\">\n\t\t<div class=\"edgtf-eh-item-content edgtf-eh-custom-5681\" style=\"padding: 44px 0px 0px 0px\">\n\t\t\t[vc_column_text]<\/p>\n<h3>Kaffee Berlin Sans-Souci<\/h3>\n<p>[\/vc_column_text][vc_empty_space height=\u00a0\u00bb13px\u00a0\u00bb][vc_column_text]<\/p>\n<div class=\"page\" title=\"Page 1\">\n<div class=\"section\">\n<div class=\"layoutArea\">\n<div class=\"column\">\n<p><strong>Ouvert en 2011, le Kaffee Berlin \u00ab Sans-Souci \u00bb vous accueille du lundi au dimanche de 10h a\u0300 Minuit<\/strong><\/p>\n<\/div>\n<\/div>\n<\/div>\n<\/div>\n<p>[\/vc_column_text][vc_empty_space height=\u00a0\u00bb9px\u00a0\u00bb]<div class=\"edgtf-icon-list-holder \" >\n\t<div class=\"edgtf-il-icon-holder\">\n\t\t<span aria-hidden=\"true\" class=\"edgtf-icon-linear-icons lnr lnr-checkmark-circle \" style=\"font-size: 13px\"><\/span>\t<\/div>\n    <div class=\"edgtf-il-text-holder\">\n        <p class=\"edgtf-il-text\" style=\"font-size: 15px\">26, cours Albert Thomas 69008 LYON<\/p>\n            <\/div>\n<\/div><div class=\"edgtf-icon-list-holder \" >\n\t<div class=\"edgtf-il-icon-holder\">\n\t\t<span aria-hidden=\"true\" class=\"edgtf-icon-linear-icons lnr lnr-checkmark-circle \" style=\"font-size: 13px\"><\/span>\t<\/div>\n    <div class=\"edgtf-il-text-holder\">\n        <p class=\"edgtf-il-text\" style=\"font-size: 15px\">06 18 81 37 13<\/p>\n            <\/div>\n<\/div><div class=\"edgtf-icon-list-holder \" >\n\t<div class=\"edgtf-il-icon-holder\">\n\t\t<span aria-hidden=\"true\" class=\"edgtf-icon-linear-icons lnr lnr-checkmark-circle \" style=\"font-size: 13px\"><\/span>\t<\/div>\n    <div class=\"edgtf-il-text-holder\">\n        <p class=\"edgtf-il-text\" style=\"font-size: 15px\">lyon8@kaffeeberlin.com<\/p>\n            <\/div>\n<\/div>[vc_empty_space height=\u00a0\u00bb9px\u00a0\u00bb]<a itemprop=\"url\" href=\"https:\/\/bookings.zenchef.com\/results?rid=381924&#038;pid=1001\" target=\"_blank\"  class=\"edgtf-btn edgtf-btn-medium edgtf-btn-solid \"  >\n        <span class=\"edgtf-btn-text\">Je r\u00e9serve<\/span>\n    <\/a>\t\t<\/div>\n\t<\/div>\n<\/div><\/div>[vc_empty_space height=\u00a0\u00bb77px\u00a0\u00bb][vc_row_inner][vc_column_inner width=\u00a0\u00bb1\/2&Prime;][vc_single_image image=\u00a0\u00bb3324&Prime; img_size=\u00a0\u00bblarge\u00a0\u00bb][\/vc_column_inner][vc_column_inner width=\u00a0\u00bb1\/2&Prime;][vc_single_image image=\u00a0\u00bb3334&Prime; img_size=\u00a0\u00bblarge\u00a0\u00bb][\/vc_column_inner][\/vc_row_inner][\/vc_column][\/vc_row][vc_row row_content_width=\u00a0\u00bbgrid\u00a0\u00bb css=\u00a0\u00bb.vc_custom_1512133857128{padding-top: 93px !important;padding-bottom: 148px !important;}\u00a0\u00bb simple_background_color=\u00a0\u00bb#ffffff\u00a0\u00bb][vc_column offset=\u00a0\u00bbvc_col-lg-6 vc_col-md-12 vc_col-xs-12&Prime;]<div class=\"edgtf-elements-holder   edgtf-one-column  edgtf-responsive-mode-768 edgtf-one-column-alignment-center\" ><div class=\"edgtf-eh-item   edgtf-horizontal-alignment-center \"  data-item-class=\"edgtf-eh-custom-7306\" data-1024-1280=\"17px 0% 0px 0%\">\n\t<div class=\"edgtf-eh-item-inner\">\n\t\t<div class=\"edgtf-eh-item-content edgtf-eh-custom-7306\" style=\"padding: 17px 0% 0px 0%\">\n\t\t\t[vc_single_image image=\u00a0\u00bb3263&Prime; img_size=\u00a0\u00bblarge\u00a0\u00bb]\t\t<\/div>\n\t<\/div>\n<\/div><\/div>[\/vc_column][vc_column offset=\u00a0\u00bbvc_col-lg-6 vc_col-md-12 vc_col-xs-12&Prime;]<div class=\"edgtf-elements-holder   edgtf-one-column  edgtf-responsive-mode-768 \" ><div class=\"edgtf-eh-item    \"  data-item-class=\"edgtf-eh-custom-6240\" data-1024-1280=\"0px 0px 0px 0px\" data-768-1024=\"0px 0px 50px 0px\" data-680-768=\"0px 0px 50px 0px\" data-680=\"0px 0px 50px 0px\">\n\t<div class=\"edgtf-eh-item-inner\">\n\t\t<div class=\"edgtf-eh-item-content edgtf-eh-custom-6240\" style=\"padding: 44px 0px 0px 0px\">\n\t\t\t[vc_column_text]<\/p>\n<h3>Kaffee Berlin Cordeliers<\/h3>\n<p>[\/vc_column_text][vc_empty_space height=\u00a0\u00bb13px\u00a0\u00bb][vc_column_text]<\/p>\n<div class=\"page\" title=\"Page 1\">\n<div class=\"section\">\n<div class=\"layoutArea\">\n<div class=\"column\">\n<div class=\"page\" title=\"Page 1\">\n<div class=\"section\">\n<div class=\"layoutArea\">\n<div class=\"column\">\n<p><strong>Ouvert en Septembre 2016, le Kaffee Berlin \u00ab Cordeliers \u00bb vous accueille du lundi au dimanche de 10h a\u0300 Minuit<\/strong><\/p>\n<\/div>\n<\/div>\n<\/div>\n<\/div>\n<\/div>\n<\/div>\n<\/div>\n<\/div>\n<p>[\/vc_column_text][vc_empty_space height=\u00a0\u00bb9px\u00a0\u00bb]<div class=\"edgtf-icon-list-holder \" >\n\t<div class=\"edgtf-il-icon-holder\">\n\t\t<span aria-hidden=\"true\" class=\"edgtf-icon-linear-icons lnr lnr-checkmark-circle \" style=\"font-size: 13px\"><\/span>\t<\/div>\n    <div class=\"edgtf-il-text-holder\">\n        <p class=\"edgtf-il-text\" style=\"font-size: 15px\">4, rue tupin 69002 LYON (M\u00e9tro A \u2013 Cordeliers)<\/p>\n            <\/div>\n<\/div><div class=\"edgtf-icon-list-holder \" >\n\t<div class=\"edgtf-il-icon-holder\">\n\t\t<span aria-hidden=\"true\" class=\"edgtf-icon-linear-icons lnr lnr-checkmark-circle \" style=\"font-size: 13px\"><\/span>\t<\/div>\n    <div class=\"edgtf-il-text-holder\">\n        <p class=\"edgtf-il-text\" style=\"font-size: 15px\">04 78 59 61 45<\/p>\n            <\/div>\n<\/div><div class=\"edgtf-icon-list-holder \" >\n\t<div class=\"edgtf-il-icon-holder\">\n\t\t<span aria-hidden=\"true\" class=\"edgtf-icon-linear-icons lnr lnr-checkmark-circle \" style=\"font-size: 13px\"><\/span>\t<\/div>\n    <div class=\"edgtf-il-text-holder\">\n        <p class=\"edgtf-il-text\" style=\"font-size: 15px\">lyon2@kaffeeberlin.com<\/p>\n            <\/div>\n<\/div>[vc_empty_space height=\u00a0\u00bb9px\u00a0\u00bb]<a itemprop=\"url\" href=\"https:\/\/bookings.zenchef.com\/results?rid=381926&#038;pid=1001\" target=\"_blank\"  class=\"edgtf-btn edgtf-btn-medium edgtf-btn-solid \"  >\n        <span class=\"edgtf-btn-text\">Je r\u00e9serve<\/span>\n    <\/a>\t\t<\/div>\n\t<\/div>\n<\/div><\/div>[vc_empty_space height=\u00a0\u00bb77px\u00a0\u00bb][vc_row_inner][vc_column_inner width=\u00a0\u00bb1\/2&Prime;][vc_single_image image=\u00a0\u00bb3314&Prime; img_size=\u00a0\u00bblarge\u00a0\u00bb][\/vc_column_inner][vc_column_inner width=\u00a0\u00bb1\/2&Prime;][vc_single_image image=\u00a0\u00bb3260&Prime; img_size=\u00a0\u00bblarge\u00a0\u00bb][\/vc_column_inner][\/vc_row_inner][\/vc_column][\/vc_row][vc_row row_content_width=\u00a0\u00bbgrid\u00a0\u00bb css=\u00a0\u00bb.vc_custom_1650305672017{padding-top: 93px !important;padding-bottom: 148px !important;background-color: #f8f8f8 !important;}\u00a0\u00bb simple_background_color=\u00a0\u00bb#ffffff\u00a0\u00bb][vc_column offset=\u00a0\u00bbvc_col-lg-6 vc_col-md-12 vc_col-xs-12&Prime;]<div class=\"edgtf-elements-holder   edgtf-one-column  edgtf-responsive-mode-768 edgtf-one-column-alignment-center\" ><div class=\"edgtf-eh-item   edgtf-horizontal-alignment-center \"  data-item-class=\"edgtf-eh-custom-7464\" data-1024-1280=\"17px 0% 0px 0%\">\n\t<div class=\"edgtf-eh-item-inner\">\n\t\t<div class=\"edgtf-eh-item-content edgtf-eh-custom-7464\" style=\"padding: 17px 0% 0px 0%\">\n\t\t\t[vc_single_image image=\u00a0\u00bb3317&Prime; img_size=\u00a0\u00bblarge\u00a0\u00bb]\t\t<\/div>\n\t<\/div>\n<\/div><\/div>[\/vc_column][vc_column offset=\u00a0\u00bbvc_col-lg-6 vc_col-md-12 vc_col-xs-12&Prime;]<div class=\"edgtf-elements-holder   edgtf-one-column  edgtf-responsive-mode-768 \" ><div class=\"edgtf-eh-item    \"  data-item-class=\"edgtf-eh-custom-4120\" data-1024-1280=\"0px 0px 0px 0px\" data-768-1024=\"0px 0px 50px 0px\" data-680-768=\"0px 0px 50px 0px\" data-680=\"0px 0px 50px 0px\">\n\t<div class=\"edgtf-eh-item-inner\">\n\t\t<div class=\"edgtf-eh-item-content edgtf-eh-custom-4120\" style=\"padding: 44px 0px 0px 0px\">\n\t\t\t[vc_column_text]<\/p>\n<h3>Kaffee Berlin Rive-Gauche<\/h3>\n<p>[\/vc_column_text][vc_empty_space height=\u00a0\u00bb13px\u00a0\u00bb][vc_column_text]<\/p>\n<div class=\"page\" title=\"Page 1\">\n<div class=\"section\">\n<div class=\"layoutArea\">\n<div class=\"column\">\n<div class=\"page\" title=\"Page 1\">\n<div class=\"section\">\n<div class=\"layoutArea\">\n<div class=\"column\">\n<div class=\"page\" title=\"Page 1\">\n<div class=\"section\">\n<div class=\"layoutArea\">\n<div class=\"column\">\n<p><strong>Ouvert depuis Mai 2021, le Kaffee Berlin \u00ab Rive-Gauche \u00bb vous accueille du lundi au dimanche de 10h a\u0300 Minuit.<\/strong><\/p>\n<\/div>\n<\/div>\n<\/div>\n<\/div>\n<\/div>\n<\/div>\n<\/div>\n<\/div>\n<\/div>\n<\/div>\n<\/div>\n<\/div>\n<p>[\/vc_column_text][vc_empty_space height=\u00a0\u00bb9px\u00a0\u00bb]<div class=\"edgtf-icon-list-holder \" >\n\t<div class=\"edgtf-il-icon-holder\">\n\t\t<span aria-hidden=\"true\" class=\"edgtf-icon-linear-icons lnr lnr-checkmark-circle \" style=\"font-size: 13px\"><\/span>\t<\/div>\n    <div class=\"edgtf-il-text-holder\">\n        <p class=\"edgtf-il-text\" style=\"font-size: 15px\">8, quai Claude Bernard 69007 LYON (Face \u00e0 la piscine du Rh\u00f4ne)<\/p>\n            <\/div>\n<\/div><div class=\"edgtf-icon-list-holder \" >\n\t<div class=\"edgtf-il-icon-holder\">\n\t\t<span aria-hidden=\"true\" class=\"edgtf-icon-linear-icons lnr lnr-checkmark-circle \" style=\"font-size: 13px\"><\/span>\t<\/div>\n    <div class=\"edgtf-il-text-holder\">\n        <p class=\"edgtf-il-text\" style=\"font-size: 15px\">04 72 70 88 77<\/p>\n            <\/div>\n<\/div><div class=\"edgtf-icon-list-holder \" >\n\t<div class=\"edgtf-il-icon-holder\">\n\t\t<span aria-hidden=\"true\" class=\"edgtf-icon-linear-icons lnr lnr-checkmark-circle \" style=\"font-size: 13px\"><\/span>\t<\/div>\n    <div class=\"edgtf-il-text-holder\">\n        <p class=\"edgtf-il-text\" style=\"font-size: 15px\">lyon7@kaffeeberlin.com<\/p>\n            <\/div>\n<\/div>[vc_empty_space height=\u00a0\u00bb9px\u00a0\u00bb]<a itemprop=\"url\" href=\"https:\/\/bookings.zenchef.com\/results?rid=381923&#038;pid=1001\" target=\"_blank\"  class=\"edgtf-btn edgtf-btn-medium edgtf-btn-solid \"  >\n        <span class=\"edgtf-btn-text\">Je r\u00e9serve<\/span>\n    <\/a>\t\t<\/div>\n\t<\/div>\n<\/div><\/div>[vc_empty_space height=\u00a0\u00bb77px\u00a0\u00bb][vc_row_inner][vc_column_inner width=\u00a0\u00bb1\/2&Prime;][vc_single_image image=\u00a0\u00bb3318&Prime; img_size=\u00a0\u00bblarge\u00a0\u00bb][\/vc_column_inner][vc_column_inner width=\u00a0\u00bb1\/2&Prime;][vc_single_image image=\u00a0\u00bb3266&Prime; img_size=\u00a0\u00bblarge\u00a0\u00bb][\/vc_column_inner][\/vc_row_inner][\/vc_column][\/vc_row]<\/p>\n","protected":false},"excerpt":{"rendered":"<p>[vc_row row_content_width=\u00a0\u00bbgrid\u00a0\u00bb css=\u00a0\u00bb.vc_custom_1512133857128{padding-top: 93px !important;padding-bottom: 148px !important;}\u00a0\u00bb simple_background_color=\u00a0\u00bb#ffffff\u00a0\u00bb][vc_column offset=\u00a0\u00bbvc_col-lg-6 vc_col-md-12 vc_col-xs-12&Prime;][\/vc_column][vc_column offset=\u00a0\u00bbvc_col-lg-6 vc_col-md-12 vc_col-xs-12&Prime;][vc_empty_space height=\u00a0\u00bb40px\u00a0\u00bb][vc_row_inner][vc_column_inner width=\u00a0\u00bb1\/2&Prime;][vc_single_image image=\u00a0\u00bb3325&Prime; img_size=\u00a0\u00bblarge\u00a0\u00bb][\/vc_column_inner][vc_column_inner width=\u00a0\u00bb1\/2&Prime;][vc_single_image image=\u00a0\u00bb3300&Prime; img_size=\u00a0\u00bblarge\u00a0\u00bb][\/vc_column_inner][\/vc_row_inner][\/vc_column][\/vc_row][vc_row row_content_width=\u00a0\u00bbgrid\u00a0\u00bb css=\u00a0\u00bb.vc_custom_1650305839240{padding-top: 93px !important;padding-bottom: 148px !important;background-color: #f8f8f8 !important;}\u00a0\u00bb simple_background_color=\u00a0\u00bb#ffffff\u00a0\u00bb][vc_column offset=\u00a0\u00bbvc_col-lg-6 vc_col-md-12 vc_col-xs-12&Prime;][\/vc_column][vc_column offset=\u00a0\u00bbvc_col-lg-6 vc_col-md-12 vc_col-xs-12&Prime;][vc_empty_space height=\u00a0\u00bb77px\u00a0\u00bb][vc_row_inner][vc_column_inner width=\u00a0\u00bb1\/2&Prime;][vc_single_image image=\u00a0\u00bb3324&Prime; img_size=\u00a0\u00bblarge\u00a0\u00bb][\/vc_column_inner][vc_column_inner [&hellip;]<\/p>\n","protected":false},"author":6,"featured_media":0,"parent":0,"menu_order":0,"comment_status":"closed","ping_status":"closed","template":"full-width.php","meta":{"footnotes":""},"class_list":["post-2800","page","type-page","status-publish","hentry"],"_links":{"self":[{"href":"https:\/\/www.kaffeeberlin.com\/index.php\/wp-json\/wp\/v2\/pages\/2800","targetHints":{"allow":["GET"]}}],"collection":[{"href":"https:\/\/www.kaffeeberlin.com\/index.php\/wp-json\/wp\/v2\/pages"}],"about":[{"href":"https:\/\/www.kaffeeberlin.com\/index.php\/wp-json\/wp\/v2\/types\/page"}],"author":[{"embeddable":true,"href":"https:\/\/www.kaffeeberlin.com\/index.php\/wp-json\/wp\/v2\/users\/6"}],"replies":[{"embeddable":true,"href":"https:\/\/www.kaffeeberlin.com\/index.php\/wp-json\/wp\/v2\/comments?post=2800"}],"version-history":[{"count":31,"href":"https:\/\/www.kaffeeberlin.com\/index.php\/wp-json\/wp\/v2\/pages\/2800\/revisions"}],"predecessor-version":[{"id":3399,"href":"https:\/\/www.kaffeeberlin.com\/index.php\/wp-json\/wp\/v2\/pages\/2800\/revisions\/3399"}],"wp:attachment":[{"href":"https:\/\/www.kaffeeberlin.com\/index.php\/wp-json\/wp\/v2\/media?parent=2800"}],"curies":[{"name":"wp","href":"https:\/\/api.w.org\/{rel}","templated":true}]}}